{"id":65,"date":"2012-02-17T15:56:59","date_gmt":"2012-02-17T15:56:59","guid":{"rendered":"http:\/\/bsg-me.de\/?page_id=65"},"modified":"2023-12-10T13:03:17","modified_gmt":"2023-12-10T13:03:17","slug":"impressum","status":"publish","type":"page","link":"https:\/\/bsg-me.de\/?page_id=65","title":{"rendered":"Impressum"},"content":{"rendered":"<p><span style=\"font-family: arial, helvetica, sans-serif;\">Gesch\u00e4ftsadresse: Behinderten Sportgemeinschaft Mettmann e.V.<\/span><br \/>\n<span style=\"font-family: arial, helvetica, sans-serif;\">Sigrid Ehrhard<\/span><br \/>\n<span style=\"font-family: arial, helvetica, sans-serif;\">Ginsterweg 24<\/span><br \/>\n<span style=\"font-family: arial, helvetica, sans-serif;\">40822 Mettmann<\/span><\/p>\n<p><strong><span style=\"font-family: arial, helvetica, sans-serif;\">Telefon:02104\/53977<\/span><\/strong><br \/>\nE-Mail: <a title=\"info@bsg-me.de\" href=\"mailto:info@bsg-me.de\">info [ a t ] bsg-me.de<\/a><\/p>\n<p><strong>Urheberschutz:<\/strong><br \/>\n<span style=\"font-family: arial, helvetica, sans-serif;\">Alle Informationen, Firmenzeichen, Texte, Programme, Grafiken, Bilder und sonstige<\/span><br \/>\n<span style=\"font-family: arial, helvetica, sans-serif;\">Daten dieser Webseite unterliegen dem Urheberrecht. Sie sind, soweit keine anderen<\/span><br \/>\n<span style=\"font-family: arial, helvetica, sans-serif;\">Eigentumsvorbehalte greifen, Eigentum des Anbieters dieser Webseite. Eine<\/span><br \/>\n<span style=\"font-family: arial, helvetica, sans-serif;\">Vervielf\u00e4ltigung oder Verwendung in anderen elektronischen oder gedruckten<\/span><br \/>\n<span style=\"font-family: arial, helvetica, sans-serif;\">Medien ist ohne Zustimmung des Autors nicht gestattet.<\/span><\/p>\n<p><strong>Markenschutz:<\/strong><br \/>\n<span style=\"font-family: arial, helvetica, sans-serif;\">Ggf. durch Dritte gesch\u00fctzte Marken- ud Warenzeichen unterliegen uneingeschr\u00e4nkt<\/span><br \/>\n<span style=\"font-family: arial, helvetica, sans-serif;\">den Bestimmungen des jeweils g\u00fcltigen Kennzeichenrechts und den Besitzrechten<\/span><br \/>\n<span style=\"font-family: arial, helvetica, sans-serif;\">der jeweiligen eingetragenen Eigent\u00fcmer.<\/span><\/p>\n<p><strong>Haftungshinweise:<\/strong><br \/>\n<span style=\"font-family: arial, helvetica, sans-serif;\">Der Anbieter \u00fcbernimmt keinerlei Gew\u00e4hr f\u00fcr die Aktualit\u00e4t, Richtigkeit,<\/span><br \/>\n<span style=\"font-family: arial, helvetica, sans-serif;\">Vollst\u00e4ndigkeit oder Qualit\u00e4t der bereitgestellten Informationen.<\/span><br \/>\n<span style=\"font-family: arial, helvetica, sans-serif;\">Haftungsanspr\u00fcche gegen den Anbieter, welche sich auf Sch\u00e4den<\/span><br \/>\n<span style=\"font-family: arial, helvetica, sans-serif;\">materieller oder ideller Art beziehen, die durch die Nutzung oder<\/span><br \/>\n<span style=\"font-family: arial, helvetica, sans-serif;\">Nichtnutzung der dargebotenen Informationen bzw. durch die Nutzung<\/span><br \/>\n<span style=\"font-family: arial, helvetica, sans-serif;\">fehlerhafter und unvollst\u00e4ndiger Informationen verursacht wurden, sind<\/span><br \/>\n<span style=\"font-family: arial, helvetica, sans-serif;\">grunds\u00e4tzlich ausgeschlossen, sofern seitens des Anbieters kein nachweislich<\/span><br \/>\n<span style=\"font-family: arial, helvetica, sans-serif;\">vors\u00e4tzliches oder grob fahrl\u00e4ssiges Verschulden vorliegt.<\/span><\/p>\n<p><strong>Rechtliche Hinweise<\/strong><br \/>\n<span style=\"font-family: arial, helvetica, sans-serif;\">Die Inhalte dieses Auftrittes wurden mit gr\u00f6\u00dfter Sorgfalt recherchiert und erstellt.<\/span><br \/>\n<span style=\"font-family: arial, helvetica, sans-serif;\">Sollte sich dennoch ein Fehler eingeschlichen haben, freuen wir uns \u00fcber Ihren<\/span><br \/>\n<span style=\"font-family: arial, helvetica, sans-serif;\">sachdienlichen Hinweis.<\/span><br \/>\n<span style=\"font-family: arial, helvetica, sans-serif;\">F\u00fcr inhaltliche Fehler in den Seiten \u00fcbernehmen wir jedoch keine Gew\u00e4hrleistung.<\/span><br \/>\n<span style=\"font-family: arial, helvetica, sans-serif;\">Sofern Teile oder einzelne Formulierungen dieses Textes der geltenden Rechtslage<\/span><br \/>\n<span style=\"font-family: arial, helvetica, sans-serif;\">nicht, nicht mehr oder nicht vollst\u00e4ndig entsprechen sollten, bleiben die \u00fcbrigen<\/span><br \/>\n<span style=\"font-family: arial, helvetica, sans-serif;\">Teile des Dokumentes in ihrem Inhalt und ihrer G\u00fcltigkeit davon unber\u00fchrt.<\/span><\/p>\n<p><strong>Wichtiger Hinweis zu allen Verweisen (Links) auf dieser Homepage:<\/strong><br \/>\n<span style=\"font-family: arial, helvetica, sans-serif;\">Mit Urteil vom 12. Mai 1998 \u2013 312 O 85\/98 \u2013 &#8222;Haftung f\u00fcr Links&#8220; hat das<\/span><br \/>\n<span style=\"font-family: arial, helvetica, sans-serif;\">Landgericht (LG) Hamburg entschieden, dass man durch die Anbringung<\/span><br \/>\n<span style=\"font-family: arial, helvetica, sans-serif;\">eines Links, die Inhalte der gelinkten Seite ggf. mit zu verantworten hat.<\/span><br \/>\n<span style=\"font-family: arial, helvetica, sans-serif;\">Dies kann \u2013 so das LG \u2013 nur dadurch verhindert werden, dass man sich<\/span><br \/>\n<span style=\"font-family: arial, helvetica, sans-serif;\">ausdr\u00fccklich von diesen Inhalten distanziert. Hiermit distanzieren wir uns<\/span><br \/>\n<span style=\"font-family: arial, helvetica, sans-serif;\">ausdr\u00fccklich von allen Inhalten aller gelinkten Seiten auf dieser Homepage.<\/span><br \/>\n<span style=\"font-family: arial, helvetica, sans-serif;\">Diese Erkl\u00e4rung gilt f\u00fcr alle auf den Seiten dieses Internet-Auftritts<\/span><br \/>\n<span style=\"font-family: arial, helvetica, sans-serif;\">untergebrachten Links.<\/span><br \/>\n<span style=\"font-family: arial, helvetica, sans-serif;\">F\u00fcr den Inhalt der verlinkten Seiten und weiterer Verweisungen sind<\/span><br \/>\n<span style=\"font-family: arial, helvetica, sans-serif;\">ausschlie\u00dflich deren Betreiber verantwortlich.<\/span><\/p>\n","protected":false},"excerpt":{"rendered":"<p>Gesch\u00e4ftsadresse: Behinderten Sportgemeinschaft Mettmann e.V. Sigrid Ehrhard Ginsterweg 24 40822 Mettmann Telefon:02104\/53977 E-Mail: info [ a t ] bsg-me.de Urheberschutz: Alle Informationen, Firmenzeichen, Texte, Programme, Grafiken, Bilder und sonstige Daten dieser Webseite unterliegen dem Urheberrecht. Sie sind, soweit keine anderen &hellip; <a href=\"https:\/\/bsg-me.de\/?page_id=65\">Weiterlesen <span class=\"meta-nav\">&rarr;<\/span><\/a><\/p>\n","protected":false},"author":1,"featured_media":0,"parent":0,"menu_order":10,"comment_status":"closed","ping_status":"closed","template":"","meta":{"footnotes":""},"class_list":["post-65","page","type-page","status-publish","hentry"],"jetpack_sharing_enabled":true,"_links":{"self":[{"href":"https:\/\/bsg-me.de\/index.php?rest_route=\/wp\/v2\/pages\/65","targetHints":{"allow":["GET"]}}],"collection":[{"href":"https:\/\/bsg-me.de\/index.php?rest_route=\/wp\/v2\/pages"}],"about":[{"href":"https:\/\/bsg-me.de\/index.php?rest_route=\/wp\/v2\/types\/page"}],"author":[{"embeddable":true,"href":"https:\/\/bsg-me.de\/index.php?rest_route=\/wp\/v2\/users\/1"}],"replies":[{"embeddable":true,"href":"https:\/\/bsg-me.de\/index.php?rest_route=%2Fwp%2Fv2%2Fcomments&post=65"}],"version-history":[{"count":36,"href":"https:\/\/bsg-me.de\/index.php?rest_route=\/wp\/v2\/pages\/65\/revisions"}],"predecessor-version":[{"id":4672,"href":"https:\/\/bsg-me.de\/index.php?rest_route=\/wp\/v2\/pages\/65\/revisions\/4672"}],"wp:attachment":[{"href":"https:\/\/bsg-me.de\/index.php?rest_route=%2Fwp%2Fv2%2Fmedia&parent=65"}],"curies":[{"name":"wp","href":"https:\/\/api.w.org\/{rel}","templated":true}]}}